{"id":147,"date":"2023-03-23T12:14:47","date_gmt":"2023-03-23T10:14:47","guid":{"rendered":"https:\/\/inoxitratjp.es\/?page_id=147"},"modified":"2023-03-23T12:33:41","modified_gmt":"2023-03-23T10:33:41","slug":"brillo","status":"publish","type":"page","link":"https:\/\/inoxitratjp.es\/index.php\/brillo\/","title":{"rendered":"Vibrado"},"content":{"rendered":"\n<p><strong>Es el \u00faltimo tipo de pulido que ofrecemos. Se consigue despu\u00e9s de un afinado previo, con una lija m\u00e1s gruesa o m\u00e1s fina, seg\u00fan se desee, para conseguir un acabado con las aguas m\u00e1s o menos marcadas. Otra de sus opciones es el vibrado con SCHOTT. Se utiliza especialmente para industrias como las alimenticias, farmac\u00e9uticas y textiles.<\/strong><\/p>\n\n\n\n<p><\/p>\n","protected":false},"excerpt":{"rendered":"<p>Es el \u00faltimo tipo de pulido que ofrecemos. Se consigue despu\u00e9s de un afinado previo, con una lija m\u00e1s gruesa o m\u00e1s fina, seg\u00fan se desee, para conseguir un acabado con las aguas m\u00e1s o menos marcadas. Otra de sus opciones es el vibrado con SCHOTT. Se utiliza especialmente para industrias como las alimenticias, farmac\u00e9uticas [&hellip;]<\/p>\n","protected":false},"author":1,"featured_media":0,"parent":0,"menu_order":0,"comment_status":"closed","ping_status":"closed","template":"","meta":{"om_disable_all_campaigns":false,"_mi_skip_tracking":false,"_monsterinsights_sitenote_active":false,"_monsterinsights_sitenote_note":"","_monsterinsights_sitenote_category":0,"footnotes":""},"class_list":["post-147","page","type-page","status-publish","hentry"],"aioseo_notices":[],"_links":{"self":[{"href":"https:\/\/inoxitratjp.es\/index.php\/wp-json\/wp\/v2\/pages\/147","targetHints":{"allow":["GET"]}}],"collection":[{"href":"https:\/\/inoxitratjp.es\/index.php\/wp-json\/wp\/v2\/pages"}],"about":[{"href":"https:\/\/inoxitratjp.es\/index.php\/wp-json\/wp\/v2\/types\/page"}],"author":[{"embeddable":true,"href":"https:\/\/inoxitratjp.es\/index.php\/wp-json\/wp\/v2\/users\/1"}],"replies":[{"embeddable":true,"href":"https:\/\/inoxitratjp.es\/index.php\/wp-json\/wp\/v2\/comments?post=147"}],"version-history":[{"count":3,"href":"https:\/\/inoxitratjp.es\/index.php\/wp-json\/wp\/v2\/pages\/147\/revisions"}],"predecessor-version":[{"id":183,"href":"https:\/\/inoxitratjp.es\/index.php\/wp-json\/wp\/v2\/pages\/147\/revisions\/183"}],"wp:attachment":[{"href":"https:\/\/inoxitratjp.es\/index.php\/wp-json\/wp\/v2\/media?parent=147"}],"curies":[{"name":"wp","href":"https:\/\/api.w.org\/{rel}","templated":true}]}}