{"id":151,"date":"2023-03-23T12:15:15","date_gmt":"2023-03-23T10:15:15","guid":{"rendered":"https:\/\/inoxitratjp.es\/?page_id=151"},"modified":"2023-03-28T08:32:09","modified_gmt":"2023-03-28T06:32:09","slug":"brillado","status":"publish","type":"page","link":"https:\/\/inoxitratjp.es\/index.php\/brillado\/","title":{"rendered":"Brillante"},"content":{"rendered":"\n<div class=\"wp-block-group is-vertical is-layout-flex wp-container-core-group-is-layout-8cf370e7 wp-block-group-is-layout-flex\">\n<p><strong>Es el tipo de acabado que consiste en dejar la pieza con un reflejo sumamente perfecto. Se utiliza especialmente para industrias como las alimenticias, farmac\u00e9uticas y textiles.<\/strong><\/p>\n\n\n\n<p><strong>Disponemos de medidores de rugosidad, acredit\u00e1ndole los certificados de la medici\u00f3n. Estas mediciones solo son v\u00e1lidas para el pulido tipo brillo y el satinado, siempre y cuando sea necesario y lo solicite el cliente.<\/strong><\/p>\n<\/div>\n","protected":false},"excerpt":{"rendered":"<p>Es el tipo de acabado que consiste en dejar la pieza con un reflejo sumamente perfecto. Se utiliza especialmente para industrias como las alimenticias, farmac\u00e9uticas y textiles. Disponemos de medidores de rugosidad, acredit\u00e1ndole los certificados de la medici\u00f3n. Estas mediciones solo son v\u00e1lidas para el pulido tipo brillo y el satinado, siempre y cuando sea [&hellip;]<\/p>\n","protected":false},"author":1,"featured_media":0,"parent":0,"menu_order":0,"comment_status":"closed","ping_status":"closed","template":"","meta":{"om_disable_all_campaigns":false,"_mi_skip_tracking":false,"_monsterinsights_sitenote_active":false,"_monsterinsights_sitenote_note":"","_monsterinsights_sitenote_category":0,"footnotes":""},"class_list":["post-151","page","type-page","status-publish","hentry"],"aioseo_notices":[],"_links":{"self":[{"href":"https:\/\/inoxitratjp.es\/index.php\/wp-json\/wp\/v2\/pages\/151","targetHints":{"allow":["GET"]}}],"collection":[{"href":"https:\/\/inoxitratjp.es\/index.php\/wp-json\/wp\/v2\/pages"}],"about":[{"href":"https:\/\/inoxitratjp.es\/index.php\/wp-json\/wp\/v2\/types\/page"}],"author":[{"embeddable":true,"href":"https:\/\/inoxitratjp.es\/index.php\/wp-json\/wp\/v2\/users\/1"}],"replies":[{"embeddable":true,"href":"https:\/\/inoxitratjp.es\/index.php\/wp-json\/wp\/v2\/comments?post=151"}],"version-history":[{"count":3,"href":"https:\/\/inoxitratjp.es\/index.php\/wp-json\/wp\/v2\/pages\/151\/revisions"}],"predecessor-version":[{"id":186,"href":"https:\/\/inoxitratjp.es\/index.php\/wp-json\/wp\/v2\/pages\/151\/revisions\/186"}],"wp:attachment":[{"href":"https:\/\/inoxitratjp.es\/index.php\/wp-json\/wp\/v2\/media?parent=151"}],"curies":[{"name":"wp","href":"https:\/\/api.w.org\/{rel}","templated":true}]}}