{"id":173,"date":"2023-03-23T12:26:55","date_gmt":"2023-03-23T10:26:55","guid":{"rendered":"https:\/\/inoxitratjp.es\/?page_id=173"},"modified":"2023-03-23T12:30:45","modified_gmt":"2023-03-23T10:30:45","slug":"recubrimiento-protector","status":"publish","type":"page","link":"https:\/\/inoxitratjp.es\/index.php\/recubrimiento-protector\/","title":{"rendered":"Recubrimiento Protector"},"content":{"rendered":"\n<p><strong>Aceite mineral incoloro y carente de olor. Se aplica pulverizando el producto encima de la pieza, con el fin de evitar posibles fricciones y protegerla en su manipulaci\u00f3n. Este acabado se puede aplicar en piezas destinadas a m\u00e1quinas para la industria alimentaria y de cosm\u00e9ticos.<\/strong><\/p>\n","protected":false},"excerpt":{"rendered":"<p>Aceite mineral incoloro y carente de olor. Se aplica pulverizando el producto encima de la pieza, con el fin de evitar posibles fricciones y protegerla en su manipulaci\u00f3n. Este acabado se puede aplicar en piezas destinadas a m\u00e1quinas para la industria alimentaria y de cosm\u00e9ticos.<\/p>\n","protected":false},"author":1,"featured_media":0,"parent":0,"menu_order":0,"comment_status":"closed","ping_status":"closed","template":"","meta":{"om_disable_all_campaigns":false,"_mi_skip_tracking":false,"_monsterinsights_sitenote_active":false,"_monsterinsights_sitenote_note":"","_monsterinsights_sitenote_category":0,"footnotes":""},"class_list":["post-173","page","type-page","status-publish","hentry"],"aioseo_notices":[],"_links":{"self":[{"href":"https:\/\/inoxitratjp.es\/index.php\/wp-json\/wp\/v2\/pages\/173","targetHints":{"allow":["GET"]}}],"collection":[{"href":"https:\/\/inoxitratjp.es\/index.php\/wp-json\/wp\/v2\/pages"}],"about":[{"href":"https:\/\/inoxitratjp.es\/index.php\/wp-json\/wp\/v2\/types\/page"}],"author":[{"embeddable":true,"href":"https:\/\/inoxitratjp.es\/index.php\/wp-json\/wp\/v2\/users\/1"}],"replies":[{"embeddable":true,"href":"https:\/\/inoxitratjp.es\/index.php\/wp-json\/wp\/v2\/comments?post=173"}],"version-history":[{"count":2,"href":"https:\/\/inoxitratjp.es\/index.php\/wp-json\/wp\/v2\/pages\/173\/revisions"}],"predecessor-version":[{"id":178,"href":"https:\/\/inoxitratjp.es\/index.php\/wp-json\/wp\/v2\/pages\/173\/revisions\/178"}],"wp:attachment":[{"href":"https:\/\/inoxitratjp.es\/index.php\/wp-json\/wp\/v2\/media?parent=173"}],"curies":[{"name":"wp","href":"https:\/\/api.w.org\/{rel}","templated":true}]}}