{"id":34,"date":"2022-08-24T17:05:00","date_gmt":"2022-08-24T17:05:00","guid":{"rendered":"https:\/\/inoxitratjp.es\/?page_id=34"},"modified":"2023-03-23T12:19:15","modified_gmt":"2023-03-23T10:19:15","slug":"the-new-umoma-opens-its-doors-2","status":"publish","type":"page","link":"https:\/\/inoxitratjp.es\/","title":{"rendered":"Acabados de superficies de metales."},"content":{"rendered":"\n<div class=\"wp-block-group alignwide\"><div class=\"wp-block-group__inner-container is-layout-flow wp-block-group-is-layout-flow\">\n<h2 class=\"has-text-align-center wp-block-heading\">Especialistas en la industria alimentaria y farmac\u00e9utica<\/h2>\n<\/div><\/div>\n\n\n\n<h6 class=\"alignwide wp-block-heading\">Inoxitrat ES UNA EMPRESA ALTAMENTE CUALIFICADA, CON UNA AMPLIA EXPERIENCIA EN EL SECTOR METAL\u00daRGICO Y CON UN CRECIMIENTO CONSTANTE DENTRO DE \u00c9L, PARA PODER OFRECER EL MEJOR SERVICIO Y CALIDAD A NUESTROS CLIENTES.<\/h6>\n\n\n\n<div class=\"wp-block-columns alignwide is-layout-flex wp-container-core-columns-is-layout-9d6595d7 wp-block-columns-is-layout-flex\">\n<div class=\"wp-block-column is-layout-flow wp-block-column-is-layout-flow\">\n<div class=\"wp-block-group\"><div class=\"wp-block-group__inner-container is-layout-flow wp-block-group-is-layout-flow\">\n<h3 class=\"wp-block-heading\">Envasado alimentario.<\/h3>\n\n\n\n<p><\/p>\n\n\n\n<figure class=\"wp-block-image alignfull size-full\"><img loading=\"lazy\" decoding=\"async\" width=\"767\" height=\"421\" src=\"https:\/\/inoxitratjp.es\/wp-content\/uploads\/2022\/08\/embasado-latas.jpg\" alt=\"\" class=\"wp-image-60\" srcset=\"https:\/\/inoxitratjp.es\/wp-content\/uploads\/2022\/08\/embasado-latas.jpg 767w, https:\/\/inoxitratjp.es\/wp-content\/uploads\/2022\/08\/embasado-latas-300x165.jpg 300w\" sizes=\"auto, (max-width: 767px) 100vw, 767px\" \/><\/figure>\n<\/div><\/div>\n\n\n\n<div class=\"wp-block-group\"><div class=\"wp-block-group__inner-container is-layout-flow wp-block-group-is-layout-flow\">\n<figure class=\"wp-block-image alignfull size-full\"><img loading=\"lazy\" decoding=\"async\" width=\"640\" height=\"320\" src=\"https:\/\/inoxitratjp.es\/wp-content\/uploads\/2022\/08\/imagen-clasicos-042-3-montesa-impala.jpg\" alt=\"\" class=\"wp-image-62\" srcset=\"https:\/\/inoxitratjp.es\/wp-content\/uploads\/2022\/08\/imagen-clasicos-042-3-montesa-impala.jpg 640w, https:\/\/inoxitratjp.es\/wp-content\/uploads\/2022\/08\/imagen-clasicos-042-3-montesa-impala-300x150.jpg 300w\" sizes=\"auto, (max-width: 640px) 100vw, 640px\" \/><\/figure>\n<\/div><\/div>\n\n\n\n<p><\/p>\n\n\n\n<div class=\"wp-block-group\"><div class=\"wp-block-group__inner-container is-layout-flow wp-block-group-is-layout-flow\">\n<p><\/p>\n\n\n\n<h3 class=\"wp-block-heading\">Restauraci\u00f3n de veh\u00edculos antiguos.<\/h3>\n<\/div><\/div>\n<\/div>\n\n\n\n<div class=\"wp-block-column is-layout-flow wp-block-column-is-layout-flow\">\n<div class=\"wp-block-group\"><div class=\"wp-block-group__inner-container is-layout-flow wp-block-group-is-layout-flow\">\n<h3 class=\"wp-block-heading\">Envasado farmac\u00e9utico.<\/h3>\n\n\n\n<p><\/p>\n\n\n\n<figure class=\"wp-block-image alignfull size-full\"><img loading=\"lazy\" decoding=\"async\" width=\"500\" height=\"306\" src=\"https:\/\/inoxitratjp.es\/wp-content\/uploads\/2022\/08\/envases-en-la-industria-farmaceutica.jpg\" alt=\"\" class=\"wp-image-61\" srcset=\"https:\/\/inoxitratjp.es\/wp-content\/uploads\/2022\/08\/envases-en-la-industria-farmaceutica.jpg 500w, https:\/\/inoxitratjp.es\/wp-content\/uploads\/2022\/08\/envases-en-la-industria-farmaceutica-300x184.jpg 300w\" sizes=\"auto, (max-width: 500px) 100vw, 500px\" \/><\/figure>\n<\/div><\/div>\n\n\n\n<div class=\"wp-block-group\"><div class=\"wp-block-group__inner-container is-layout-flow wp-block-group-is-layout-flow\">\n<figure class=\"wp-block-image alignfull size-large\"><img loading=\"lazy\" decoding=\"async\" width=\"1024\" height=\"538\" src=\"https:\/\/inoxitratjp.es\/wp-content\/uploads\/2022\/08\/baranda-1024x538.jpg\" alt=\"\" class=\"wp-image-63\" srcset=\"https:\/\/inoxitratjp.es\/wp-content\/uploads\/2022\/08\/baranda-1024x538.jpg 1024w, https:\/\/inoxitratjp.es\/wp-content\/uploads\/2022\/08\/baranda-300x158.jpg 300w, https:\/\/inoxitratjp.es\/wp-content\/uploads\/2022\/08\/baranda-768x403.jpg 768w, https:\/\/inoxitratjp.es\/wp-content\/uploads\/2022\/08\/baranda.jpg 1200w\" sizes=\"auto, (max-width: 1024px) 100vw, 1024px\" \/><\/figure>\n\n\n\n<p><\/p>\n\n\n\n<h3 class=\"wp-block-heading\">Terminaciones en cerrajer\u00eda.<\/h3>\n<\/div><\/div>\n<\/div>\n<\/div>\n\n\n\n<div class=\"wp-block-group alignwide\"><div class=\"wp-block-group__inner-container is-layout-flow wp-block-group-is-layout-flow\"><\/div><\/div>\n\n\n\n<figure class=\"wp-block-gallery alignwide has-nested-images columns-default is-cropped wp-block-gallery-1 is-layout-flex wp-block-gallery-is-layout-flex\"><\/figure>\n","protected":false},"excerpt":{"rendered":"<p>Especialistas en la industria alimentaria y farmac\u00e9utica Inoxitrat ES UNA EMPRESA ALTAMENTE CUALIFICADA, CON UNA AMPLIA EXPERIENCIA EN EL SECTOR METAL\u00daRGICO Y CON UN CRECIMIENTO CONSTANTE DENTRO DE \u00c9L, PARA PODER OFRECER EL MEJOR SERVICIO Y CALIDAD A NUESTROS CLIENTES. Envasado alimentario. Restauraci\u00f3n de veh\u00edculos antiguos. Envasado farmac\u00e9utico. Terminaciones en cerrajer\u00eda.<\/p>\n","protected":false},"author":1,"featured_media":81,"parent":0,"menu_order":0,"comment_status":"open","ping_status":"closed","template":"","meta":{"om_disable_all_campaigns":true,"_mi_skip_tracking":false,"_monsterinsights_sitenote_active":false,"_monsterinsights_sitenote_note":"","_monsterinsights_sitenote_category":0,"footnotes":""},"class_list":["post-34","page","type-page","status-publish","has-post-thumbnail","hentry"],"aioseo_notices":[],"_links":{"self":[{"href":"https:\/\/inoxitratjp.es\/index.php\/wp-json\/wp\/v2\/pages\/34","targetHints":{"allow":["GET"]}}],"collection":[{"href":"https:\/\/inoxitratjp.es\/index.php\/wp-json\/wp\/v2\/pages"}],"about":[{"href":"https:\/\/inoxitratjp.es\/index.php\/wp-json\/wp\/v2\/types\/page"}],"author":[{"embeddable":true,"href":"https:\/\/inoxitratjp.es\/index.php\/wp-json\/wp\/v2\/users\/1"}],"replies":[{"embeddable":true,"href":"https:\/\/inoxitratjp.es\/index.php\/wp-json\/wp\/v2\/comments?post=34"}],"version-history":[{"count":8,"href":"https:\/\/inoxitratjp.es\/index.php\/wp-json\/wp\/v2\/pages\/34\/revisions"}],"predecessor-version":[{"id":139,"href":"https:\/\/inoxitratjp.es\/index.php\/wp-json\/wp\/v2\/pages\/34\/revisions\/139"}],"wp:featuredmedia":[{"embeddable":true,"href":"https:\/\/inoxitratjp.es\/index.php\/wp-json\/wp\/v2\/media\/81"}],"wp:attachment":[{"href":"https:\/\/inoxitratjp.es\/index.php\/wp-json\/wp\/v2\/media?parent=34"}],"curies":[{"name":"wp","href":"https:\/\/api.w.org\/{rel}","templated":true}]}}